t common divisor of p and 594?
22
Suppose 2*l - 2 = -4*c - 22, 2*c = -3*l - 22. Let h(d) = d**3 + 8*d**2 - 2*d + 28. Let n be h(l). What is the greatest common divisor of 24 and n?
8
Let w(u) = -u**3 + 11*u**2 + 18*u + 8. Let t be w(10). Suppose 0 = -2*v + 5*v - t. What is the highest common divisor of v and 32?
32
Suppose -3*w + 13 = -r - 22, 0 = -w - r + 13. Let q = 6 + w. Calculate the highest common divisor of 6 and q.
6
Let i = 48 + -46. Let c(k) = -k + 6*k**2 - 45*k**3 - 4*k**3 - 7*k**i + 1 - 2. Let p be c(-1). What is the greatest common factor of p and 72?
24
Suppose 7*f - 7002 - 20511 + 6737 = 0. What is the highest common factor of 280 and f?
56
Let g = -245 - -253. Suppose -g*s - 28 + 100 = 0. Calculate the greatest common factor of 81 and s.
9
Let d = 75 - 279. Let q be 1 - -1 - (d + -2). What is the greatest common divisor of 182 and q?
26
Let u be (418/4)/(7/14). Suppose -56*s + 735 = -497. Calculate the greatest common divisor of s and u.
11
Let d = 43 + -47. Let j be (-12)/(d + -2 + 4). What is the highest common divisor of j and 474?
6
Suppose 0 = -13424*p + 13522*p - 343294. What is the highest common divisor of p and 31?
31
Suppose 5*x = x + 3*d + 3761, -4*d + 1908 = 2*x. Let c be 48380/x - ((-10)/8)/(-1). Let m = 29 - -1. What is the greatest common factor of m and c?
10
Let c = 13 + -13. Suppose c = -u - 2*u + 30. Let v = -1101 - -1121. Calculate the highest common factor of u and v.
10
Let s = 115 + -97. Suppose -s*n + 27*n - 72 = 0. What is the greatest common divisor of 296 and n?
8
Let v(x) = 51*x**2 + 24*x + 114. Let k be v(-5). What is the highest common divisor of 470 and k?
47
Suppose -4*s - d = -0*d - 4, -4*d = 5*s - 5. Let u be 3/((-4 - -5)*s). Calculate the greatest common factor of u and 15.
3
Let b(k) = 19*k. Let z be b(2). Suppose -2*l + 471 = 4*o + l, -3*o = -l - 337. What is the highest common divisor of z and o?
38
Let v(y) = 73*y + 96. Let a be v(-4). Let s = -192 - a. What is the highest common factor of s and 116?
4
Let v = 1298 + 300. What is the highest common divisor of v and 188?
94
Suppose 6*f - 12*f = 6. Let x be 30/(-9)*24/(-20). Let j be (22/x)/(f/(-6)). What is the greatest common factor of j and 22?
11
Let g be -2 + ((-196)/(-21))/7 - (-771)/9. Calculate the greatest common factor of 25 and g.
5
Suppose -4*s = -s - 18. Suppose 0 = -80*c - 2058 + 5898. What is the greatest common divisor of s and c?
6
Let u(l) = -146*l**3 - 8*l + 147*l**3 - 11*l**2 + 31*l + 15. Let r be u(10). What is the highest common divisor of r and 5?
5
Suppose -63*f = 20*f - 1235 - 508. What is the greatest common divisor of f and 2247?
21
Let d(h) = 11*h**2 + 5*h + h**3 - 8*h**2 + 8 - 11*h**2 - 29*h. Let s be d(12). Calculate the greatest common factor of s and 24.
8
Let l(h) = 67*h - 19. Let p be l(2). Let a(j) = j**3 - 14*j**2 + j - 9. Let f be a(14). Calculate the greatest common factor of p and f.
5
Suppose 3 = -4*t + 31. Let i be (t - -8)*1 - -2*1. What is the greatest common divisor of 272 and i?
17
Let l be (-1 - 1/1)*30/(-12). Suppose -3 = -l*g + 12. Suppose -g*s = -2*f + 33 + 25, 0 = 3*f + 3*s - 72. What is the greatest common divisor of f and 39?
13
Suppose 4*t - 690 - 144 = -3*o, 2*o = -2*t + 416. Suppose -t = -5*b + 15. Suppose 0 = -3*d + 15. Calculate the greatest common divisor of d and b.
5
Let y(l) = 5*l - 53. Let v be y(8). Let x = v - -19. Calculate the greatest common factor of x and 3.
3
Suppose -5*f = 2*q - 139, -5*f - 91 = -2*q + 18. Calculate the highest common divisor of q and 1519.
31
Let b(a) = -a**3 + 3*a**2 + 10*a + 30. Let y be b(-5). Let k = -141 + y. What is the greatest common factor of k and 13?
13
Let n be (-1)/(-3) - (-45)/27. Let x be (3 - n)*(-10 - -11). Let q be x/(-3)*(17 + -95). Calculate the highest common divisor of 26 and q.
26
Suppose 6*x + 28462 = -62*x + 334*x. What is the highest common factor of 14980 and x?
107
Let g(b) = 8*b - 14. Let o be g(2). Suppose -2*z - 3*t = -141, -o*z - 5*t = -0*z - 131. Calculate the highest common divisor of 104 and z.
26
Suppose -138 = -2*t + 7*t - 2*n, 2*n = 4*t + 110. Let l be (-11576)/t + -5 + 21/(-49). Calculate the greatest common factor of 48 and l.
24
Let g be 10/125 + 2165288/775. What is the highest common divisor of 22 and g?
22
Let i = 17 + -13. Suppose -i*f - 29 = 5*x, 2*f + 7 = -3*x - 12. Let b = 79 + x. What is the greatest common divisor of 28 and b?
14
Suppose 0*p - 198 = -3*p. Let o be ((-280)/42)/(-5) + 10644/36. Calculate the highest common factor of o and p.
33
Suppose 0 = -14*u + 19*u - 2*i - 366, -4*u + 294 = -2*i. What is the highest common factor of u and 1128?
24
Suppose 3*i + m = 19, 5*i + 3*m - 10 - 27 = 0. Let r be i*(-2)/2*16/(-8). Suppose -5*q + 15 = r. Calculate the highest common factor of 5 and q.
1
Let h = 368 + -372. Let f be h - -4 - (-2 + -16). Calculate the highest common factor of f and 153.
9
Let s = 666 - 646. Let i = s + 9. What is the highest common divisor of i and 29?
29
Let w(y) = 116*y + 1430. Let s be w(5). What is the highest common divisor of 90 and s?
30
Suppose 138 = 54*i + 30. Let l(a) = 12*a - 2. Let z be l(5). What is the highest common divisor of z and i?
2
Let i(f) = 1574*f**2 - 32*f - 17. Let u be i(2). What is the greatest common factor of 339 and u?
113
Let q = 172 + -170. Let z = 1 + -1. Suppose q*k + 5 - 41 = z. Calculate the greatest common factor of k and 18.
18
Let q = -17316 + 17964. What is the greatest common factor of q and 112?
8
Let v = 8 - 3. Let l(z) = -3 - 8*z**2 + 12*z + 4 + 2*z**2 - 13*z + 6*z + z**3. Let h be l(v). What is the greatest common divisor of 9 and h?
1
Suppose 354*j - 351*j - 161 = -2*f, 334 = 4*f + 2*j. Let l(d) = 15*d**2 - 6*d + 3. Let s be l(2). Calculate the highest common divisor of s and f.
17
Let p = 210 + -120. Let k be 63/p*25*(1 + 5). Let g be (-2)/(-6) - (-132)/9. Calculate the greatest common factor of k and g.
15
Let h(t) = -50*t**2 + 147*t - 73. Let j be h(2). Suppose 4*r + 657 + 271 = 0. Let z = -64 - r. Calculate the highest common factor of j and z.
21
Let d = 79 + -54. Suppose -22*c - 9 = -d*c. Suppose c*a + 9 - 33 = 0. Calculate the greatest common factor of a and 4.
4
Suppose 0 = 7*b - 48 + 13. Suppose -b = h - 181. Suppose -5*p - 33 = -3*q, -3*p = q - 0*p - 25. Calculate the highest common divisor of h and q.
16
Let g = 79 - 27. Let a = g + -21. Let s be (-12)/20 - (-623)/5. What is the greatest common divisor of a and s?
31
Let w(v) = v**2 + 7*v + 10. Let a be w(8). Let n be (a - 0)*(-6)/15*-1. What is the highest common divisor of 78 and n?
26
Suppose -g + 1666 = -2*y, 536*g - 3297 = 534*g - 3*y. Calculate the greatest common factor of 16 and g.
8
Let v(i) = 5*i + 19. Let f be v(-2). Let o be (-204)/306*(f - 0)/(-1). What is the highest common divisor of o and 60?
6
Suppose 0 = 416*m - 665608 - 3175736. What is the greatest common factor of 152 and m?
38
Suppose 29*u - 120 = 33*u. Let y be (5/(u/4))/((-2)/54). Let q be (32 - -4)*(-2)/(-4). Calculate the highest common divisor of q and y.
18
Let z = -2910 - -4194. What is the highest common divisor of z and 36?
12
Let k be (-4 - 3)*102/(-7). Suppose -3*x - 4*u - 39 + 43 = 0, -x + 4*u = -44. Calculate the greatest common divisor of x and k.
6
Suppose -2*v = x - 2373, -x + 3*v - 162 = -2510. Calculate the highest common factor of 417 and x.
139
Suppose 4*m - 8 - 12 = 0. Let c be (327/(-1090))/((-4)/200). Calculate the greatest common divisor of c and m.
5
Let n be (6/4)/((-1)/2 + 1). Let v be ((-10)/(4 + -2))/(-1). Suppose -17 = -f + 2*l + 19, v*l + 105 = n*f. What is the greatest common factor of 10 and f?
10
Suppose 22*s - 232 = 21*s. Let c = 402 - s. Calculate the greatest common divisor of 34 and c.
34
Let w(r) = -201*r + 282. Let y be w(0). Calculate the greatest common divisor of y and 24.
6
Suppose 0 = 2*j + 8, 2*g + 1724 = 6*g + 2*j. Let z = 683 - g. What is the greatest common factor of z and 100?
50
Let s be -2 - 1/((-2)/(-14)). Let m = s - -59. Suppose 375 = 286*g - 281*g. Calculate the greatest common divisor of g and m.
25
Let q be (10/(-4))/((-294)/96 - -3). Let i = -21 + 107. Let z be ((-1)/((-6)/(-16)))/(i/(-3225)). What is the highest common factor of q and z?
20
Let p(i) = -i**3 + 7*i**2 - 18*i + 51. Let o be p(4). Calculate the highest common divisor of 54 and o.